et g = 67862 - -179279. Is g composite?
False
Suppose 10 = 5*j - 10. Suppose 5*b - j = 3*b. Suppose 2*s = -5*o + b*o + 1621, -4*s + 2*o = -3234. Is s a prime number?
True
Let x(i) = 5*i - 127. Let o be x(27). Suppose o*u - 5*u - 8355 = 0. Is u prime?
False
Let z be (23/69)/((-1)/17994). Let s = 9447 + z. Is s composite?
False
Suppose -r - 4 = 4*m, r - 2*m - 12 = 8. Suppose -25656 = r*u - 76860. Is u prime?
False
Let k = -209 - -7. Let c = 344 + k. Suppose -143*u + c*u = -838. Is u a composite number?
True
Suppose 0 = 4*n + b - 6*b + 3852, -4*b = -2*n - 1926. Let z = n + 2618. Is z composite?
True
Let t be (4 + (2 - (-4 - -10)))*-1. Suppose -2*k + 4*q + 14958 = t, -4*k + 37425 = k + 5*q. Is k a prime number?
False
Let w = -816 + 815. Let s(i) = -20808*i + 46. Is s(w) a prime number?
False
Let l be (4892/(-10))/(((-14)/940)/7). Is l/28 + -2 - 12/21 prime?
True
Let t(c) be the second derivative of c**4/6 + 17*c**3/6 - 11*c**2/2 - 5*c. Let h(k) = -k**3 - 6*k**2 + 8*k - 2. Let x be h(2). Is t(x) a composite number?
False
Let b(r) = -5249*r + 5. Let x(h) = -h**2 + 36*h + 72. Let j be x(38). Is b(j) a prime number?
True
Let q(v) = 79*v**3 + 43*v**2 + 104*v - 18. Let x(w) = 20*w**3 + 11*w**2 + 26*w - 5. Let b(k) = 2*q(k) - 9*x(k). Is b(-4) a composite number?
True
Suppose 5*f - 21318 = -6*f. Suppose -2*p + 3*t + f = -7126, 0 = -5*p - t + 22677. Is p prime?
False
Let o(l) = -4042*l**3 + 5*l**2 + 62*l + 121. Is o(-2) a prime number?
True
Is ((291765/(-6))/(-1) + 48/(-32))/2 a prime number?
False
Let s = -37 - -43. Let i(j) = 58*j**2 - 12*j + 1. Is i(s) a composite number?
False
Let i(m) = m**3 + 6*m**2 - 13*m + 26. Let w be i(-8). Is w/(-8) + (2 - 411825/(-20)) a prime number?
True
Let b(v) = -v**2 - 11*v - 29. Let g be b(-6). Let d(r) = -14*r - 290*r - 466*r - g. Is d(-1) a prime number?
True
Let c be 8/(-14) + (-528)/154. Is 1 + (c - 2) + 1258 a composite number?
True
Suppose g + 20 = 3*h + 2*h, 3*h - 35 = -4*g. Suppose -a + g*a - 16 = 0, q = -4*a + 13. Is 1 - -914 - (2 + q + 3) prime?
False
Is 21/882*14*386223 prime?
False
Suppose 13379829 = 430*o - 319*o. Is o prime?
True
Suppose 0 = 5*a + 24 - 1224. Let g(i) = 19*i - 71. Let k be g(27). Let y = k - a. Is y a composite number?
True
Let p = 180 + -163. Suppose 654 + 150 = 2*i. Let g = i + p. Is g a prime number?
True
Let p = -133 + 137. Suppose 0 = f + p*l - 13017, 9950 + 16108 = 2*f + 2*l. Is f composite?
False
Let j(b) = 51*b**3 + 6*b**2 + 8*b - 7. Let m = -808 - -814. Is j(m) prime?
True
Let r be -11 + 13 + -7 - 324787. Is 6/33 + r/(-88) composite?
False
Let y be -108 + -4 - 0/(-2). Suppose -3*w + k + 927 = 4*k, 4*k - 622 = -2*w. Let f = w - y. Is f composite?
False
Let a = 33542 + -23641. Is a a composite number?
False
Is (-4)/2 + 427367 + (-5 - -7) + 2 prime?
True
Let s = 1068 + 1693. Let u be 26/91 - 11428/14. Let y = s + u. Is y prime?
False
Suppose 24047 + 295 = -2*z + 2*p, 60846 = -5*z - 4*p. Let w = z - -26935. Is w composite?
True
Is (2*1)/((-2212902)/1106454 - (-2)/1) composite?
True
Let b(f) = -8*f + 37. Let y be b(4). Suppose -2*s + 2*x + 8539 = 3*x, -y*s = -5*x - 21370. Is s a prime number?
True
Suppose 14460*m - 14444*m - 1424 = 0. Is m a composite number?
False
Let j = 206 + -213. Is 6487 - (-7 - j/1) composite?
True
Suppose -p + 19 = 4*v + 1, 2*v = -4*p + 2. Suppose -v*w - 24*w = -140563. Is w prime?
False
Suppose 2*j + 5*h = 90, 7*j - 4*j + 2*h - 135 = 0. Is (j/30)/((-12)/(-44984)) a composite number?
False
Let f(i) = 611*i**2 - 60*i + 182. Is f(25) a composite number?
False
Suppose -r = 9*r - 772322 - 1046388. Is r prime?
True
Suppose -72*f + 66*f + 18 = 0. Suppose -3*d + 3*q = -12951, q - f - 1 = 0. Is d a composite number?
True
Let z(t) = 70*t**2 - 4*t + 7. Let k(l) = -2*l + 6. Let x be k(1). Is z(x) prime?
False
Suppose -19*t + 424351 + 261894 = -3839878. Is t composite?
True
Let r = -66557 + 101226. Is r a prime number?
False
Suppose y = -5*i - 47 - 58, 0 = 2*i + y + 42. Let l = 1618 - i. Is l prime?
False
Let p = -176 - -180. Suppose p*g + 3*q - 2*q = 1628, 0 = q. Is g a composite number?
True
Suppose 3*t - 5*t + 86 = 5*a, -5*t + 4*a = -182. Let n = t + -37. Is n - (-114)/(4/2) prime?
False
Suppose -14*n = -20*n + 16*n. Is (15/30)/(4/12808 + n) composite?
False
Let q(g) = 19*g**2 - 3*g + 11. Let i be q(2). Is 7106 - (-10)/(-6)*i/45 a composite number?
False
Let y(f) = 1107*f**3 + 247*f**3 - 1 + 31*f**3 - 15*f + 18*f. Is y(1) prime?
False
Let j = 40416 - 60980. Let m = -9811 - j. Is m a composite number?
False
Let p = 820895 - 279174. Is p a prime number?
True
Let m(q) = -3*q + 8. Let o(l) = 4*l - 8. Let n(i) = -3*m(i) - 2*o(i). Let z be n(11). Suppose -a - z*r + 104 = 0, -5*r = -r + 12. Is a a prime number?
True
Let i(r) = -4*r**3 + 2*r**2 + 33*r + 42. Let m be i(-11). Suppose -3*k - 2*k - j = -m, -3*j = -k + 1049. Is k prime?
True
Let x be (-1)/5 + 0 + (-2822)/(-85). Let p(v) = 133*v**2 - x*v**2 - 3*v - 19*v**2 + 2 + 101*v**2. Is p(-3) a prime number?
False
Suppose -l = 4*v - 13, -4*v + 19 = 5*l - 110. Suppose 962 = l*y - 23369. Is y composite?
False
Suppose 34*z - 261948 = 1429858. Is z a composite number?
True
Let g be 1 - 2/(1 - 2). Suppose 2*x = -5*z + 337, 4*z = -5*x + 6*z + 828. Suppose -x = -f - 4*h, h + 537 = -g*f + 6*f. Is f a prime number?
False
Suppose 14*y + 10 = -32. Is (y + 4)*-3 + 1996 prime?
True
Is (-1 - 18/(-27))/((-8)/2056296) a prime number?
False
Suppose 74 + 14 = 22*d. Suppose -41847 = -4*j - w - 7791, w - d = 0. Is j a prime number?
True
Let r(j) = -j**3 + 16*j**2 - 5*j - 17. Let t be r(13). Let g = t + 414. Is g composite?
False
Is (359875/5 - -9) + 21 prime?
False
Suppose 0 = 4*j + 106 + 62. Let k = 51 + j. Suppose k*b - 13*b = -2524. Is b a composite number?
False
Let c = -3864 + 12358. Let o = c - 2249. Is o composite?
True
Let r(q) = 3*q**3 + 3*q**2 - 3*q + 1. Let i be r(1). Let a(d) = -59*d - 4 - i*d - 78*d - 62*d. Is a(-9) composite?
False
Let x = -16346 - -23002. Suppose x + 7262 = 2*k - 4*s, -4*s - 27824 = -4*k. Is k prime?
False
Let i be ((-6)/(-4))/((-2)/(-4)). Let d be ((-4)/(-3) + -3)/(-3*(-13)/(-117)). Suppose -3397 = -d*u - i*j, -2*u - 3*u + j + 3381 = 0. Is u prime?
True
Suppose 0 = -14*r + 21898 + 25744. Is r - (570/(-133) + 2/7) prime?
True
Suppose -2679 = -g - 3*t, -3*g + t = -0*t - 8087. Suppose -4*b = y - g, -1942 = -4*b + 4*y + 742. Is b a composite number?
False
Suppose 2 = -67*f + 68*f. Suppose 22 - f = 4*m. Suppose m*u - 13864 = -3*u. Is u composite?
False
Let w = 62522 + 10085. Is w composite?
True
Let p(y) = 12950*y - 1083. Is p(4) composite?
True
Let a(j) = -51*j. Let y be a(3). Let s be (-7 - -8)/(2/4). Is s*19*y/(-18) composite?
True
Suppose 13 + 9 = 11*a. Suppose 4*r + 4*k = 28823 - 403, k - 14208 = -a*r. Is r composite?
False
Let p(g) = 25425*g**2 + 5*g - 14. Let b be p(3). Is 4/5 + b/130 prime?
False
Let i be 4/(-14) - 204/(-28). Let h(p) = 75*p**2 + 6*p + 7. Let j be h(i). Suppose -768 - 722 = -2*s + r, -j = -5*s + 3*r. Is s prime?
False
Suppose -a = -0*a - 5. Suppose -a*k + 1 = 41. Is (14/k)/((-2)/1112) a prime number?
False
Suppose -44*j + 135429 + 34859575 = 0. Is j composite?
True
Suppose -19*g = g + 6*g - 182. Let m(p) = -9*p**2 - p**3 - 4*p + 4*p**3 + 3*p. Is m(g) a composite number?
True
Let k = -6 + 6. Let w(i) = 4 + k - 8*i**3 - 4*i**2 + 3*i - 9*i + 5*i. Is w(-3) a composite number?
True
Suppose 1778*r - 1772*r - 1053294 = 0. Is r a prime number?
False
Suppose 5376 = 179*x - 186*x. Let k = 1387 + x. Is k a prime number?
True
Let o(j) = 653*j**2 + 6*j + 11. Let y be o(6). Is (-2)/(5*(-14)/y) composite?
False
Suppose -49*h - 6*h + 15726535 = 0. Is h a composite number?
False
Let f(h) = -15*h + 13*h + 33*h**2 + 14*h**3 - 31*h**2. Let c be f(6). Suppose -5*s = 4*q - 6177, -2*q + 6*s + c = 4*s. Is q composite?
False
Let y = -173 + 175. Suppose -y*n + 4*h + 1215 + 2347 = 0, h = -n + 1778. Is n a composite number?
True
Suppose -2*n = -s - 4, 4 = -4*s + 4*n + n. Suppose s*p - 6*p = -14. Let o(u) = 2*u**3 - 2*u**2 + 7*u - 2. Is o(p) a prime number?
False
Let k = -17655 + 205382. Is k a prime number?
False
Let k(w) = w**3 - 11*w**2 + 3*w + 72. Let q be k(10). Suppose 3*y - 23209 = 4*p - 8*p, 0 = y - q*p - 7743. Is y a prime number?
False
Suppose 11*m = -9 + 31. Is 8 - 5 - (-1160)/m composite?
True
Let a(f) = -2*f**